{"id":36,"date":"2020-01-27T19:15:23","date_gmt":"2020-01-27T19:15:23","guid":{"rendered":"https:\/\/divulgarq.org\/?page_id=36"},"modified":"2020-01-27T19:15:24","modified_gmt":"2020-01-27T19:15:24","slug":"los-proyectos","status":"publish","type":"page","link":"https:\/\/divulgarq.org\/?page_id=36","title":{"rendered":"Los Proyectos"},"content":{"rendered":"\n<p>Desde DivulgarQ queremos dar voz a la arqueolog\u00eda y a veces se nos ocurren cosas interesantes. En esta p\u00e1gina podr\u00e1s encontrar algunos de los materiales que ya tenemos disponibles, pero no olvides seguir nuestras novedades&#8230;<\/p>\n\n\n\n<p>MICROSHISTORIAS<\/p>\n\n\n\n<p>Echamos a rodar en la Semana de la Ciencia de Madrid en 2018 con un peque\u00f1o evento llamado <em>Microhistorias de la arqueolog\u00eda madrile\u00f1a<\/em> en la URJC. A partir de ah\u00ed intentamos crecer&#8230;<\/p>\n\n\n\n<p>ENTREVISTAS<\/p>\n\n\n\n<p>\u00bfAlguna vez te has preguntado qu\u00e9 hacemos en arqueolog\u00eda? Por lo general todo el mundo piensa en la excavaci\u00f3n cl\u00e1sica y no es mentira, pero hacemos muchas m\u00e1s cosas&#8230;<\/p>\n","protected":false},"excerpt":{"rendered":"<p>Desde DivulgarQ queremos dar voz a la arqueolog\u00eda y a veces se nos ocurren cosas interesantes. En esta p\u00e1gina podr\u00e1s encontrar algunos de los materiales que ya tenemos disponibles, pero no olvides seguir nuestras novedades&#8230; MICROSHISTORIAS Echamos a rodar en la Semana de la Ciencia de Madrid en 2018 con un peque\u00f1o evento llamado Microhistorias [&hellip;]<\/p>\n","protected":false},"author":1,"featured_media":0,"parent":0,"menu_order":0,"comment_status":"closed","ping_status":"closed","template":"","meta":{"footnotes":""},"class_list":["post-36","page","type-page","status-publish","hentry"],"_links":{"self":[{"href":"https:\/\/divulgarq.org\/index.php?rest_route=\/wp\/v2\/pages\/36","targetHints":{"allow":["GET"]}}],"collection":[{"href":"https:\/\/divulgarq.org\/index.php?rest_route=\/wp\/v2\/pages"}],"about":[{"href":"https:\/\/divulgarq.org\/index.php?rest_route=\/wp\/v2\/types\/page"}],"author":[{"embeddable":true,"href":"https:\/\/divulgarq.org\/index.php?rest_route=\/wp\/v2\/users\/1"}],"replies":[{"embeddable":true,"href":"https:\/\/divulgarq.org\/index.php?rest_route=%2Fwp%2Fv2%2Fcomments&post=36"}],"version-history":[{"count":1,"href":"https:\/\/divulgarq.org\/index.php?rest_route=\/wp\/v2\/pages\/36\/revisions"}],"predecessor-version":[{"id":37,"href":"https:\/\/divulgarq.org\/index.php?rest_route=\/wp\/v2\/pages\/36\/revisions\/37"}],"wp:attachment":[{"href":"https:\/\/divulgarq.org\/index.php?rest_route=%2Fwp%2Fv2%2Fmedia&parent=36"}],"curies":[{"name":"wp","href":"https:\/\/api.w.org\/{rel}","templated":true}]}}