{"id":7,"date":"2020-01-27T18:26:09","date_gmt":"2020-01-27T18:26:09","guid":{"rendered":"https:\/\/divulgarq.org\/?page_id=7"},"modified":"2020-01-27T21:23:54","modified_gmt":"2020-01-27T21:23:54","slug":"acerca-de","status":"publish","type":"page","link":"https:\/\/divulgarq.org\/","title":{"rendered":"\u00bfQu\u00e9 es DIVULGARQ?"},"content":{"rendered":"\n<div class=\"wp-block-image\"><figure class=\"alignleft size-medium\"><img loading=\"lazy\" decoding=\"async\" width=\"300\" height=\"300\" src=\"https:\/\/divulgarq.org\/wp-content\/uploads\/2020\/01\/divulgarq-sf-300x300.png\" alt=\"\" class=\"wp-image-11\" srcset=\"https:\/\/divulgarq.org\/wp-content\/uploads\/2020\/01\/divulgarq-sf-300x300.png 300w, https:\/\/divulgarq.org\/wp-content\/uploads\/2020\/01\/divulgarq-sf-1021x1024.png 1021w, https:\/\/divulgarq.org\/wp-content\/uploads\/2020\/01\/divulgarq-sf-150x150.png 150w, https:\/\/divulgarq.org\/wp-content\/uploads\/2020\/01\/divulgarq-sf-768x770.png 768w, https:\/\/divulgarq.org\/wp-content\/uploads\/2020\/01\/divulgarq-sf-1532x1536.png 1532w, https:\/\/divulgarq.org\/wp-content\/uploads\/2020\/01\/divulgarq-sf-2042x2048.png 2042w, https:\/\/divulgarq.org\/wp-content\/uploads\/2020\/01\/divulgarq-sf-1200x1203.png 1200w, https:\/\/divulgarq.org\/wp-content\/uploads\/2020\/01\/divulgarq-sf-1980x1985.png 1980w\" sizes=\"auto, (max-width: 300px) 100vw, 300px\" \/><\/figure><\/div>\n\n\n\n<p>Te damos la bienvenida a nuestra plataforma&#8230; Aqu\u00ed encontrar\u00e1s materiales relacionados con la arqueolog\u00eda que seguramente te interesen, ya seas un profesional que busca ver qu\u00e9 se est\u00e1 haciendo por aqu\u00ed, o cualquier persona que quiera saber qu\u00e9 es la arqueolog\u00eda y en qu\u00e9 andamos metidos.<\/p>\n\n\n\n<p>Queremos funcionar como un altavoz para iniciativas de divulgaci\u00f3n arqueol\u00f3gica, pero principalmente vamos a generar contenidos propios, basados en varios proyectos que tenemos en marcha desde hace un tiempo y que poco a poco ir\u00e1n viendo la luz. Esperamos que nos acompa\u00f1es y que disfrutes de estas visiones de la arqueolog\u00eda que te vamos a presentar y que esperamos que te resultan apetecibles.<\/p>\n\n\n\n<p>Por ahora, puedes ir viendo:<\/p>\n\n\n\n<p>MICROHISTORIAS<\/p>\n\n\n\n<p>ENTREVISTAS<\/p>\n","protected":false},"excerpt":{"rendered":"<p>Te damos la bienvenida a nuestra plataforma&#8230; Aqu\u00ed encontrar\u00e1s materiales relacionados con la arqueolog\u00eda que seguramente te interesen, ya seas un profesional que busca ver qu\u00e9 se est\u00e1 haciendo por aqu\u00ed, o cualquier persona que quiera saber qu\u00e9 es la arqueolog\u00eda y en qu\u00e9 andamos metidos. Queremos funcionar como un altavoz para iniciativas de divulgaci\u00f3n [&hellip;]<\/p>\n","protected":false},"author":1,"featured_media":0,"parent":0,"menu_order":0,"comment_status":"closed","ping_status":"closed","template":"templates\/template-full-width.php","meta":{"footnotes":""},"class_list":["post-7","page","type-page","status-publish","hentry"],"_links":{"self":[{"href":"https:\/\/divulgarq.org\/index.php?rest_route=\/wp\/v2\/pages\/7","targetHints":{"allow":["GET"]}}],"collection":[{"href":"https:\/\/divulgarq.org\/index.php?rest_route=\/wp\/v2\/pages"}],"about":[{"href":"https:\/\/divulgarq.org\/index.php?rest_route=\/wp\/v2\/types\/page"}],"author":[{"embeddable":true,"href":"https:\/\/divulgarq.org\/index.php?rest_route=\/wp\/v2\/users\/1"}],"replies":[{"embeddable":true,"href":"https:\/\/divulgarq.org\/index.php?rest_route=%2Fwp%2Fv2%2Fcomments&post=7"}],"version-history":[{"count":7,"href":"https:\/\/divulgarq.org\/index.php?rest_route=\/wp\/v2\/pages\/7\/revisions"}],"predecessor-version":[{"id":47,"href":"https:\/\/divulgarq.org\/index.php?rest_route=\/wp\/v2\/pages\/7\/revisions\/47"}],"wp:attachment":[{"href":"https:\/\/divulgarq.org\/index.php?rest_route=%2Fwp%2Fv2%2Fmedia&parent=7"}],"curies":[{"name":"wp","href":"https:\/\/api.w.org\/{rel}","templated":true}]}}